- h*k + 51. List the prime factors of w.
7
Let f(q) = -3*q + 1. Let x be 26/5 - (-4)/(-20). Let w(y) = y**3 - 6*y**2 + 3*y + 7. Let r be w(x). What are the prime factors of f(r)?
2, 5
Let x(c) = c**3 + c**2 - c + 8. Let h be 3 + 0 + -3*1. List the prime factors of x(h).
2
Let z(r) = 5*r**3 - 4*r**2 + 5*r + 3. Let t(j) = -11*j**3 + 7*j**2 - 11*j - 5. Let i(y) = 4*t(y) + 9*z(y). List the prime factors of i(8).
3, 5
Suppose -2*u - 2*q = -166, 5*u + 4*q = 2*q + 418. What are the prime factors of u?
2, 3, 7
Suppose 0 = j + 3*j - 20. Suppose -j*y = -7 - 3. List the prime factors of y.
2
Let n = 4 - -2. Let o(b) = 38*b - 23. Let x(m) = -13*m + 8. Let f(y) = n*o(y) + 17*x(y). What are the prime factors of f(2)?
2, 3
Let q(f) = f - 3. What are the prime factors of q(5)?
2
Suppose 0 = 2*u - 2*h - 22, 4*h = -4*u + 14 + 46. List the prime factors of u.
13
Suppose -f + 20 = 3*f. Let z be -1 + -2 + 45/15. Suppose z = -0*j - f*j + 30. List the prime factors of j.
2, 3
Let v(l) = 5*l**2 - l**2 - 3*l**2 + 4*l + 4. Let c be v(-5). Suppose -c = a - 26. List the prime factors of a.
17
Suppose 2*t - 3*t + 27 = 2*s, 10 = 5*s. What are the prime factors of t?
23
Let y = 186 - 88. List the prime factors of y.
2, 7
Let a(z) = z**3 - z + 41. List the prime factors of a(0).
41
Let o(f) = 30*f + 4. What are the prime factors of o(4)?
2, 31
Suppose -4*n + 376 = 4*q, -5*n - q + 4*q = -446. List the prime factors of n.
7, 13
Let i(l) = l**3 + 22*l**2 - 8*l + 48. List the prime factors of i(-22).
2, 7
Let r = 62 + -44. Suppose 4*w - 70 + r = 0. List the prime factors of w.
13
Suppose -2*s + 12 = -2*x, -3*x + 5*s = s + 23. Let n be (x/(-3))/(3/27). Suppose 0 = 4*h - n*h, -36 = -4*q - 3*h. List the prime factors of q.
3
Let p = -161 - -233. List the prime factors of p.
2, 3
Let j = 54 - 28. Suppose u - j = -u. List the prime factors of u.
13
Let t(h) = 25*h - 13. What are the prime factors of t(5)?
2, 7
Let y be (-3)/9*2*3. Let j = y - -7. Suppose -j*w = -24 - 16. List the prime factors of w.
2
Let h = -1 + 0. Suppose 6*v - v + 90 = -3*m, 5*v + 100 = -m. List the prime factors of v/(-6)*h*-2.
7
List the prime factors of (21/(-2))/3*-8.
2, 7
Let y(x) = x**2 - 3*x - 7. List the prime factors of y(-4).
3, 7
Let l(x) = -2*x - 12. Let z(o) = -o**3 + o**2 - o - 2. Let y be z(2). Let m be l(y). Suppose -10 - m = -2*f. List the prime factors of f.
7
Let v(a) = 3*a**2 + 0*a + a**2 + 0*a + 3 - 2*a. List the prime factors of v(4).
59
Let b(l) = 2*l**3 + 7*l**2 + 7*l - 1. Let a(v) = -v**3 - 4*v**2 - 3*v. Let g(i) = 5*a(i) + 2*b(i). What are the prime factors of g(-6)?
2
Suppose 4*o = -5*y + 34 + 82, -54 = -o + 5*y. What are the prime factors of o?
2, 17
Suppose 5*m = 2*m. Suppose 7 = -m*o + o. Suppose -5*g + 27 = o. List the prime factors of g.
2
Suppose -8*l + 10*l = 98. List the prime factors of l.
7
Let y(k) = 69*k - 6. What are the prime factors of y(3)?
3, 67
Let s(x) be the first derivative of x**3/3 - x**2/2 - x + 1. Let f be s(3). Suppose t - f*t + 16 = 0. What are the prime factors of t?
2
Let n = -25 - -6. Let k = n + 34. List the prime factors of k.
3, 5
Let g = 5 + -2. Let d(a) = -2*a + 3. Let z be d(g). What are the prime factors of 3*((-7)/z + -1)?
2
Let g(x) = -x**3 - 2*x**2 + 3*x + 1. Let o be g(-3). Let d be 36/21*o*7. Let m = d - 5. What are the prime factors of m?
7
Suppose -u = -2*u + 1. Let h = 3 - u. List the prime factors of h.
2
List the prime factors of (-4)/(-16)*0 - -92.
2, 23
Let t(h) = h**2 - 2*h + 4. List the prime factors of t(7).
3, 13
Let o(n) = -30*n. Let q be o(5). List the prime factors of (-1)/(-3) + q/(-9).
17
Suppose -3*w - 2*h + 337 = 92, -5*w + 5*h + 375 = 0. What are the prime factors of w?
79
Let f = 14 + -9. Suppose f*h - 56 = -6. List the prime factors of h.
2, 5
Let u = 161 - 104. What are the prime factors of u?
3, 19
Let k = -149 - -84. Let w = -46 - k. What are the prime factors of w?
19
Suppose -3*o - 5 = 3*j - 26, -2*j - 6 = -2*o. Suppose -4*n - 3*g = -6*n + 40, j*g = -3*n + 34. List the prime factors of n.
2, 7
Let o(k) = -1 - 4*k + 2*k - 3*k. Let b be o(-3). Let t = b + -6. What are the prime factors of t?
2
Let c(v) = v + 1. Let d(w) = -2*w - 4. Let k(f) = -6*c(f) - 2*d(f). Let m = -15 - -9. What are the prime factors of k(m)?
2, 7
Suppose -11*o = -952 - 27. What are the prime factors of o?
89
Let l(c) = c**2 - 5*c - 1. Let o = 9 + -4. Let p be l(o). What are the prime factors of p/4 - 21/(-4)?
5
Suppose -4*s - j = -6*j - 541, -3*s + 5*j + 407 = 0. List the prime factors of s.
2, 67
Suppose 0 = z + 4*z - 20. Suppose 3*u = -5*t + z*t + 145, -51 = -u - 3*t. Suppose -3*d + u = -12. List the prime factors of d.
2, 5
Suppose -7*g = -175 - 70. List the prime factors of g.
5, 7
Let d(w) be the second derivative of -w**3/2 - 2*w. Let g be d(-9). Suppose 4*c - 33 = g. What are the prime factors of c?
3, 5
Let c = 77 - 50. List the prime factors of c.
3
Suppose 4*j - 92 = -3*b, j = -4*j + 4*b + 84. List the prime factors of (-4 - 1)*(-48)/j.
2, 3
Let d be (-22)/(-4) + 8/(-16). Suppose d*q - 10 = -4*l + 20, -2*q = -l + 1. List the prime factors of q.
2
Suppose -3*u - 1 = -3*c + 5, 2*u + 4 = -c. List the prime factors of 3 + -5 + 21 + c.
19
Let c(i) = 5*i**2 + i + 3*i - 3*i - 2. List the prime factors of c(-2).
2
Suppose -k - i = -1, 0 = 5*k - 5*i - 25. What are the prime factors of (k/(-5))/((-5)/25)?
3
Let a(h) = 2*h + 7. Suppose -6 = -2*b + l, -2 = 2*b - 3*l - 0. Let v be a(b). Let o = 26 - v. What are the prime factors of o?
3
Let d(k) = -64*k + 1. Let i be d(1). Let t = -44 - i. List the prime factors of t.
19
Let d(l) = -l**3 + 2*l + 1. Let f be d(3). Let w = -16 - f. List the prime factors of w.
2
Suppose -3*b + 2*q = -1, -2*q = 3*b - 0*q - 17. Let v(l) = l**3 - l**2 - l + 4. What are the prime factors of v(b)?
19
Let q be (-2)/(-2) + (-7 - -1). Let s(j) = -j**2 - 6*j + 5. List the prime factors of s(q).
2, 5
Let t = -2 + 5. Suppose w - 7 = t. What are the prime factors of w?
2, 5
Suppose -6*v + 2*v = q, -2*q + 5*v = -13. Suppose k - 1 = q. List the prime factors of k.
5
Let m(t) = -4*t**3 - 6*t**2 - 7*t + 10. List the prime factors of m(-4).
2, 3, 11
Let k(m) = -m**2 + m + 1. Let y(u) = -7*u**2 + 3*u. Let o(a) = -2*k(a) + y(a). Let v(i) be the first derivative of o(i). What are the prime factors of v(-1)?
11
Let t = -1 - 1. Let y = 2 + t. Let c(k) = -k + 2. What are the prime factors of c(y)?
2
Suppose 4*m = 34 + 22. Let o = 36 - m. What are the prime factors of o?
2, 11
Suppose -3 = -2*i - 23. What are the prime factors of (106/i)/((-4)/20)?
53
Let w(i) = -i + 11. Let c(n) = -3*n - 11. Let r be c(-6). What are the prime factors of w(r)?
2
Let s = -29 - -54. Suppose 19 = z - s. What are the prime factors of z?
2, 11
Let m(u) = u**3 - 2. Let t be m(0). List the prime factors of t + -1 + 5*10.
47
Suppose 4*m - 122 = -3*w, -12*w - 50 = -13*w + m. List the prime factors of w.
2, 23
Let i = 10 + -3. List the prime factors of i.
7
List the prime factors of 0 + 4 + 19 + 3.
2, 13
Suppose 0 = -u - 5*r - 16, -3*r + 4 = -u - 5*r. Let a be (u - (1 + -2)) + -2. Suppose x = -0*x + c + 6, 2*x = -a*c - 3. What are the prime factors of x?
3
Let z(d) = d**3 + 6*d**2 + 5*d + 6. Let y be -2*(0 - -1) + 10. Suppose 3*c - 25 = y*c. List the prime factors of z(c).
2, 3
Let x = 308 + -2. What are the prime factors of x?
2, 3, 17
Suppose -4*q = 8*q - 2460. What are the prime factors of q?
5, 41
Let x be -1*(0/(-1))/3. Suppose 4*f + x - 8 = 0. What are the prime factors of (-3 - -5) + 26/f?
3, 5
Let j(a) = 5*a - 9. List the prime factors of j(11).
2, 23
Suppose j = -3, -5*l - 3*j + 302 = -134. Suppose -3*y + l = -5*t + 21, 5*y = -t + 132. List the prime factors of y.
2, 13
List the prime factors of (2 - 4) + (-126)/(-3).
2, 5
Suppose 0*q + 5*q = 10. Suppose -q*p - 5*n = p - 38, 15 = p + 4*n. Suppose -p + 47 = 4*v. List the prime factors of v.
3
Let l = 105 - 60. List the prime factors of l.
3, 5
List the prime factors of (-5)/(-15) + 100/6.
17
Suppose 494 = 4*o + 126. List the prime factors of o.
2, 23
Suppose -5*q + 270 = q. What are the prime factors of q?
3, 5
Suppose 0*p = 5*p + 30. Let j = p + 13. What are the prime factors of j?
7
Suppose -5*z = -3*b - 205, 4*z - 2*b = -31 + 195. What are the prime factors of z?
41
Let w = 2 - 9. Let y = 5 - w. What are t